{"id":9720,"date":"2024-11-28T12:21:56","date_gmt":"2024-11-28T17:21:56","guid":{"rendered":"https:\/\/genimusac.com\/web\/?page_id=9720"},"modified":"2024-11-28T13:55:19","modified_gmt":"2024-11-28T18:55:19","slug":"formulario-de-denuncia","status":"publish","type":"page","link":"https:\/\/genimusac.com\/web\/formulario-de-denuncia\/","title":{"rendered":"Formulario De Denuncia"},"content":{"rendered":"\t\t<div data-elementor-type=\"wp-page\" data-elementor-id=\"9720\" class=\"elementor elementor-9720\" data-elementor-settings=\"[]\">\n\t\t\t\t\t\t\t<div class=\"elementor-section-wrap\">\n\t\t\t\t\t\t\t<section class=\"elementor-section elementor-top-section elementor-element elementor-element-6a11cc7 elementor-section-full_width elementor-section-height-default elementor-section-height-default\" data-id=\"6a11cc7\" data-element_type=\"section\">\n\t\t\t\t\t\t<div class=\"elementor-container elementor-column-gap-no\">\n\t\t\t\t\t<div class=\"elementor-column elementor-col-100 elementor-top-column elementor-element elementor-element-c9736ce\" data-id=\"c9736ce\" data-element_type=\"column\">\n\t\t\t<div class=\"elementor-widget-wrap elementor-element-populated\">\n\t\t\t\t\t\t\t\t<div class=\"elementor-element elementor-element-795bd3b elementor-widget elementor-widget-image\" data-id=\"795bd3b\" data-element_type=\"widget\" data-widget_type=\"image.default\">\n\t\t\t\t<div class=\"elementor-widget-container\">\n\t\t\t<style>\/*! elementor - v3.5.3 - 28-12-2021 *\/\n.elementor-widget-image{text-align:center}.elementor-widget-image a{display:inline-block}.elementor-widget-image a img[src$=\".svg\"]{width:48px}.elementor-widget-image img{vertical-align:middle;display:inline-block}<\/style>\t\t\t\t\t\t\t\t\t\t\t\t<img decoding=\"async\" width=\"1729\" height=\"577\" src=\"https:\/\/genimusac.com\/web\/wp-content\/uploads\/2024\/11\/Recurso-4.png\" class=\"attachment-full size-full\" alt=\"\" srcset=\"https:\/\/genimusac.com\/web\/wp-content\/uploads\/2024\/11\/Recurso-4.png 1729w, https:\/\/genimusac.com\/web\/wp-content\/uploads\/2024\/11\/Recurso-4-300x100.png 300w, https:\/\/genimusac.com\/web\/wp-content\/uploads\/2024\/11\/Recurso-4-1024x342.png 1024w, https:\/\/genimusac.com\/web\/wp-content\/uploads\/2024\/11\/Recurso-4-768x256.png 768w, https:\/\/genimusac.com\/web\/wp-content\/uploads\/2024\/11\/Recurso-4-1536x513.png 1536w\" sizes=\"(max-width: 1729px) 100vw, 1729px\" \/>\t\t\t\t\t\t\t\t\t\t\t\t\t\t\t<\/div>\n\t\t\t\t<\/div>\n\t\t\t\t\t<\/div>\n\t\t<\/div>\n\t\t\t\t\t\t\t<\/div>\n\t\t<\/section>\n\t\t\t\t<section class=\"elementor-section elementor-top-section elementor-element elementor-element-7891219 elementor-section-boxed elementor-section-height-default elementor-section-height-default\" data-id=\"7891219\" data-element_type=\"section\">\n\t\t\t\t\t\t<div class=\"elementor-container elementor-column-gap-default\">\n\t\t\t\t\t<div class=\"elementor-column elementor-col-100 elementor-top-column elementor-element elementor-element-8ad1851\" data-id=\"8ad1851\" data-element_type=\"column\">\n\t\t\t<div class=\"elementor-widget-wrap elementor-element-populated\">\n\t\t\t\t\t\t\t\t<div class=\"elementor-element elementor-element-d4394a1 elementor-widget elementor-widget-text-editor\" data-id=\"d4394a1\" data-element_type=\"widget\" data-widget_type=\"text-editor.default\">\n\t\t\t\t<div class=\"elementor-widget-container\">\n\t\t\t<style>\/*! elementor - v3.5.3 - 28-12-2021 *\/\n.elementor-widget-text-editor.elementor-drop-cap-view-stacked .elementor-drop-cap{background-color:#818a91;color:#fff}.elementor-widget-text-editor.elementor-drop-cap-view-framed .elementor-drop-cap{color:#818a91;border:3px solid;background-color:transparent}.elementor-widget-text-editor:not(.elementor-drop-cap-view-default) .elementor-drop-cap{margin-top:8px}.elementor-widget-text-editor:not(.elementor-drop-cap-view-default) .elementor-drop-cap-letter{width:1em;height:1em}.elementor-widget-text-editor .elementor-drop-cap{float:left;text-align:center;line-height:1;font-size:50px}.elementor-widget-text-editor .elementor-drop-cap-letter{display:inline-block}<\/style>\t\t\t\t<p class=\"boxTitle\" style=\"margin-bottom: 10px; color: #000000; font-size: 20px; font-weight: bold;\">Las siguientes preguntas son opcionales<\/p><p>Recuerde que la mayor cantidad de informaci\u00f3n, ayudar\u00e1 a realizar un mejor an\u00e1lisis de su denuncia.<\/p>\t\t\t\t\t\t<\/div>\n\t\t\t\t<\/div>\n\t\t\t\t\t<\/div>\n\t\t<\/div>\n\t\t\t\t\t\t\t<\/div>\n\t\t<\/section>\n\t\t\t\t<section class=\"elementor-section elementor-top-section elementor-element elementor-element-4c1e66b elementor-section-boxed elementor-section-height-default elementor-section-height-default\" data-id=\"4c1e66b\" data-element_type=\"section\">\n\t\t\t\t\t\t<div class=\"elementor-container elementor-column-gap-default\">\n\t\t\t\t\t<div class=\"elementor-column elementor-col-100 elementor-top-column elementor-element elementor-element-f867c34\" data-id=\"f867c34\" data-element_type=\"column\">\n\t\t\t<div class=\"elementor-widget-wrap elementor-element-populated\">\n\t\t\t\t\t\t\t\t<div class=\"elementor-element elementor-element-4f10bd3 elementor-widget elementor-widget-text-editor\" data-id=\"4f10bd3\" data-element_type=\"widget\" data-widget_type=\"text-editor.default\">\n\t\t\t\t<div class=\"elementor-widget-container\">\n\t\t\t\t\t\t\t<p>\n<div class=\"wpcf7 no-js\" id=\"wpcf7-f9715-o1\" lang=\"es-ES\" dir=\"ltr\" data-wpcf7-id=\"9715\">\n<div class=\"screen-reader-response\"><p role=\"status\" aria-live=\"polite\" aria-atomic=\"true\"><\/p> <ul><\/ul><\/div>\n<form action=\"\/web\/wp-json\/wp\/v2\/pages\/9720#wpcf7-f9715-o1\" method=\"post\" class=\"wpcf7-form init\" aria-label=\"Formulario de contacto\" novalidate=\"novalidate\" data-status=\"init\">\n<fieldset class=\"hidden-fields-container\"><input type=\"hidden\" name=\"_wpcf7\" value=\"9715\" \/><input type=\"hidden\" name=\"_wpcf7_version\" value=\"6.1.5\" \/><input type=\"hidden\" name=\"_wpcf7_locale\" value=\"es_ES\" \/><input type=\"hidden\" name=\"_wpcf7_unit_tag\" value=\"wpcf7-f9715-o1\" \/><input type=\"hidden\" name=\"_wpcf7_container_post\" value=\"0\" \/><input type=\"hidden\" name=\"_wpcf7_posted_data_hash\" value=\"\" \/>\n<\/fieldset>\n<p class=\"boxTitle\" style=\"margin-bottom: 5px; color: #000000; font-size: 20px; font-weight: bold;\">Datos principales de la Denuncia\n<\/p>\n<p style=\"margin-bottom: 10px; color: #000000;\">Seleccione el tipo de denuncia que desee registrar: <a class=\"skyBlue\"<\/p><br \/>\n<\/a>\n<\/p>\n<p style=\"margin-bottom: 10px; <span class=\"wpcf7-form-control-wrap\" data-name=\"select-536\"><select class=\"wpcf7-form-control wpcf7-select\" aria-invalid=\"false\" name=\"select-536\"><option value=\"\">Selecciona el tipo de denuncia<\/option><option value=\"Actos de discriminaci\u00f3n, intimidaci\u00f3n o acoso\">Actos de discriminaci\u00f3n, intimidaci\u00f3n o acoso<\/option><option value=\"Hostigamiento sexual\">Hostigamiento sexual<\/option><option value=\"Incumplimientos relacionados a salud y seguridad en el trabajo\">Incumplimientos relacionados a salud y seguridad en el trabajo<\/option><option value=\"Uso inapropiado de informaci\u00f3n\">Uso inapropiado de informaci\u00f3n<\/option><option value=\"Destrucci\u00f3n o alteraci\u00f3n de informaci\u00f3n, registros, reportes o documentos de la empresa\">Destrucci\u00f3n o alteraci\u00f3n de informaci\u00f3n, registros, reportes o documentos de la empresa<\/option><option value=\"Apropiaci\u00f3n o uso no autorizado de recursos\">Apropiaci\u00f3n o uso no autorizado de recursos<\/option><option value=\"Conflicto de inter\u00e9s\">Conflicto de inter\u00e9s<\/option><option value=\"Entrega o aceptaci\u00f3n de obsequios y atenciones\">Entrega o aceptaci\u00f3n de obsequios y atenciones<\/option><option value=\"Declaraciones no autorizadas en redes sociales o medios utilizando la marca o imagen de la empresa\">Declaraciones no autorizadas en redes sociales o medios utilizando la marca o imagen de la empresa<\/option><option value=\"Incumplimiento de normas externas e internas\">Incumplimiento de normas externas e internas<\/option><option value=\"Corrupci\u00f3n, lavado de activos y financiamiento del terrorismo\">Corrupci\u00f3n, lavado de activos y financiamiento del terrorismo<\/option><option value=\"Contribuciones a campa\u00f1as pol\u00edticas y uso de recursos de la empresa en actos de proselitismo pol\u00edtico\">Contribuciones a campa\u00f1as pol\u00edticas y uso de recursos de la empresa en actos de proselitismo pol\u00edtico<\/option><option value=\"Relaciones comerciales no transparentes y honestas con grupos de inter\u00e9s\">Relaciones comerciales no transparentes y honestas con grupos de inter\u00e9s<\/option><option value=\"Incidentes o incumplimiento que pongan en peligro el medio ambiente o el bienestar de nuestras comunidades\">Incidentes o incumplimiento que pongan en peligro el medio ambiente o el bienestar de nuestras comunidades<\/option><option value=\"Otras actividades\">Otras actividades<\/option><\/select><\/span>\n<\/p>\n<p class=\"boxTitle\" style=\"margin-bottom: 10px; color: #000000; font-size: 20px; font-weight: bold;\">1\n<\/p>\n<p style=\"margin-bottom: 10px; color: #000000;\">Identifique a las personas involucradas en la denuncia a registrar. Utilice el siguiente bot\u00f3n para agregar los datos de un nuevo involucrado. Pulse aqu\u00ed para agregar un nuevo involucrado <a class=\"skyBlue\"<\/p><br \/>\n<\/a>\n<\/p>\n<p class=\"boxTitle\" style=\"margin-bottom: 15px; color: #000000; font-size: 20px; font-weight: bold;\">Involucrado N\u00b01\n<\/p>\n<p style=\"margin-bottom: 10px; <span class=\"wpcf7-form-control-wrap\" data-name=\"your-name\"><input size=\"40\" maxlength=\"400\" class=\"wpcf7-form-control wpcf7-text wpcf7-validates-as-required\" aria-required=\"true\" aria-invalid=\"false\" placeholder=\"Nombres\" value=\"\" type=\"text\" name=\"your-name\" \/><\/span><span class=\"wpcf7-form-control-wrap\" data-name=\"your-name\"><input size=\"40\" maxlength=\"400\" class=\"wpcf7-form-control wpcf7-text wpcf7-validates-as-required\" aria-required=\"true\" aria-invalid=\"false\" placeholder=\"Apellidos\" value=\"\" type=\"text\" name=\"your-name\" \/><\/span>\n<\/p>\n<p style=\"margin-bottom: 10px; <span class=\"wpcf7-form-control-wrap\" data-name=\"Relacionconlacompa\"><select class=\"wpcf7-form-control wpcf7-select\" aria-invalid=\"false\" name=\"Relacionconlacompa\"><option value=\"\">Relaci\u00f3n con la compa\u00f1\u00eda<\/option><option value=\"Empleado\">Empleado<\/option><option value=\"Proveedor\">Proveedor<\/option><option value=\"Cliente\">Cliente<\/option><option value=\"Inversionista\">Inversionista<\/option><option value=\"Otro\">Otro<\/option><\/select><\/span><span class=\"wpcf7-form-control-wrap\" data-name=\"your-name\"><input size=\"40\" maxlength=\"400\" class=\"wpcf7-form-control wpcf7-text wpcf7-validates-as-required\" aria-required=\"true\" aria-invalid=\"false\" placeholder=\"Especificar (empresa\/cargo\/otro)\" value=\"\" type=\"text\" name=\"your-name\" \/><\/span>\n<\/p>\n<p class=\"boxTitle\" style=\"margin-bottom: 10px; color: #000000; font-size: 20px; font-weight: bold;\">2\n<\/p>\n<p style=\"margin-bottom: 10px; color: #000000;\">Indique en qu\u00e9 lugar sucedi\u00f3 el incidente: <a class=\"skyBlue\"<\/p><br \/>\n<\/a>\n<\/p>\n<p style=\"margin-bottom: 10px; <span class=\"wpcf7-form-control-wrap\" data-name=\"select-536\"><select class=\"wpcf7-form-control wpcf7-select\" aria-invalid=\"false\" name=\"select-536\"><option value=\"\">Distrito<\/option><option value=\"Anc\u00f3n\">Anc\u00f3n<\/option><option value=\"Ate\">Ate<\/option><option value=\"Barranco\">Barranco<\/option><option value=\"Bre\u00f1a\">Bre\u00f1a<\/option><option value=\"Carabayllo\">Carabayllo<\/option><option value=\"Cercado de Lima\">Cercado de Lima<\/option><option value=\"Chaclacayo\">Chaclacayo<\/option><option value=\"Chorrillos\">Chorrillos<\/option><option value=\"Cieneguilla\">Cieneguilla<\/option><option value=\"Comas\">Comas<\/option><option value=\"El agustino\">El agustino<\/option><option value=\"Independencia\">Independencia<\/option><option value=\"Jes\u00fas mar\u00eda\">Jes\u00fas mar\u00eda<\/option><option value=\"La molina\">La molina<\/option><option value=\"La victoria\">La victoria<\/option><option value=\"Lince\">Lince<\/option><option value=\"Los olivos\">Los olivos<\/option><option value=\"Lurigancho\">Lurigancho<\/option><option value=\"Lur\u00edn\">Lur\u00edn<\/option><option value=\"Magdalena del mar\">Magdalena del mar<\/option><option value=\"Miraflores\">Miraflores<\/option><option value=\"Pachac\u00e1mac\">Pachac\u00e1mac<\/option><option value=\"Pucusana\">Pucusana<\/option><option value=\"Pueblo libre\">Pueblo libre<\/option><option value=\"Puente piedra\">Puente piedra<\/option><option value=\"Punta hermosa\">Punta hermosa<\/option><option value=\"Punta negra\">Punta negra<\/option><option value=\"R\u00edmac\">R\u00edmac<\/option><option value=\"San bartolo\">San bartolo<\/option><option value=\"San borja\">San borja<\/option><option value=\"San isidro\">San isidro<\/option><option value=\"San Juan de Lurigancho\">San Juan de Lurigancho<\/option><option value=\"San Juan de Miraflores\">San Juan de Miraflores<\/option><option value=\"San Luis\">San Luis<\/option><option value=\"San Martin de Porres\">San Martin de Porres<\/option><option value=\"San Miguel\">San Miguel<\/option><option value=\"Santa Anita\">Santa Anita<\/option><option value=\"Santa Mar\u00eda del Mar\">Santa Mar\u00eda del Mar<\/option><option value=\"Santa Rosa\">Santa Rosa<\/option><option value=\"Santiago de Surco\">Santiago de Surco<\/option><option value=\"Surquillo\">Surquillo<\/option><option value=\"Villa el Salvador\">Villa el Salvador<\/option><option value=\"Villa Maria del Triunfo\">Villa Maria del Triunfo<\/option><\/select><\/span><span class=\"wpcf7-form-control-wrap\" data-name=\"select-784\"><select class=\"wpcf7-form-control wpcf7-select\" aria-invalid=\"false\" name=\"select-784\"><option value=\"Sede\">Sede<\/option><option value=\"Puente Piedra\">Puente Piedra<\/option><option value=\"Los Olivos\">Los Olivos<\/option><option value=\"Otro\">Otro<\/option><\/select><\/span>\n<\/p>\n<p class=\"boxTitle\" style=\"margin-bottom: 10px; color: #000000; font-size: 20px; font-weight: bold;\">3\n<\/p>\n<p style=\"margin-bottom: 10px; color: #000000;\">Indique la fecha o per\u00edodo en el cual sucedi\u00f3 el incidente: <a class=\"skyBlue\"<\/p><br \/>\n<\/a>\n<\/p>\n<p style=\"margin-bottom: 10px; <span class=\"wpcf7-form-control-wrap\" data-name=\"fecha\"><input class=\"wpcf7-form-control wpcf7-date wpcf7-validates-as-date\" aria-invalid=\"false\" value=\"\" type=\"date\" name=\"fecha\" \/><\/span>\n<\/p>\n<p class=\"boxTitle\" style=\"margin-bottom: 10px; color: #000000; font-size: 20px; font-weight: bold;\">4\n<\/p>\n<p style=\"margin-bottom: 10px; color: #000000;\">Describa todos los detalles que ayuden a analizar y evaluar su denuncia: <a class=\"skyBlue\"<\/p><br \/>\n<\/a>\n<\/p>\n<p style=\"margin-bottom: 10px; <span class=\"wpcf7-form-control-wrap\" data-name=\"textarea-988\"><textarea cols=\"40\" rows=\"10\" maxlength=\"20000\" minlength=\"50\" class=\"wpcf7-form-control wpcf7-textarea\" aria-invalid=\"false\" name=\"textarea-988\"><\/textarea><\/span>\n<\/p>\n<p class=\"boxTitle\" style=\"margin-bottom: 10px; color: #000000; font-size: 20px; font-weight: bold;\">5\n<\/p>\n<p style=\"margin-bottom: 10px; color: #000000;\">\u00bfPosee usted evidencia f\u00edsica o digital que pueda ayudar en la investigaci\u00f3n de esta denuncia? <a class=\"skyBlue\"<\/p><br \/>\n<\/a>\n<\/p>\n<p style=\"margin-bottom: 10px; <span class=\"wpcf7-form-control-wrap\" data-name=\"radio-832\"><span class=\"wpcf7-form-control wpcf7-radio\"><span class=\"wpcf7-list-item first\"><input type=\"radio\" name=\"radio-832\" value=\"Tengo tanto evidencia f\u00edsica como digital que me gustar\u00eda entregar\" \/><span class=\"wpcf7-list-item-label\">Tengo tanto evidencia f\u00edsica como digital que me gustar\u00eda entregar<\/span><\/span><span class=\"wpcf7-list-item\"><input type=\"radio\" name=\"radio-832\" value=\"Tengo evidencia digital que deseo entregar\" \/><span class=\"wpcf7-list-item-label\">Tengo evidencia digital que deseo entregar<\/span><\/span><span class=\"wpcf7-list-item\"><input type=\"radio\" name=\"radio-832\" value=\"Tengo evidencia f\u00edsica que deseo entregar\" \/><span class=\"wpcf7-list-item-label\">Tengo evidencia f\u00edsica que deseo entregar<\/span><\/span><span class=\"wpcf7-list-item\"><input type=\"radio\" name=\"radio-832\" value=\"No me es posible proporcionar evidencias de ning\u00fan tipo (Por favor, responda la pregunta 6)\" \/><span class=\"wpcf7-list-item-label\">No me es posible proporcionar evidencias de ning\u00fan tipo (Por favor, responda la pregunta 6)<\/span><\/span><span class=\"wpcf7-list-item last\"><input type=\"radio\" name=\"radio-832\" value=\"No tengo evidencias, pero podr\u00eda obtenerlas y suministrarlas posteriormente (Por favor, responda la pregunta 6)\" \/><span class=\"wpcf7-list-item-label\">No tengo evidencias, pero podr\u00eda obtenerlas y suministrarlas posteriormente (Por favor, responda la pregunta 6)<\/span><\/span><\/span><\/span>\n<\/p>\n<p class=\"boxTitle\" style=\"margin-bottom: 10px; color: #000000; font-size: 20px; font-weight: bold;\">6\n<\/p>\n<p style=\"margin-bottom: 10px; color: #000000;\">\u00bfD\u00f3nde y c\u00f3mo podr\u00eda la Compa\u00f1\u00eda obtener evidencia de los hechos denunciados? (lugar, documentos, personas). <a class=\"skyBlue\"<\/p><br \/>\n<\/a>\n<\/p>\n<p style=\"margin-bottom: 10px; <span class=\"wpcf7-form-control-wrap\" data-name=\"textarea-988\"><textarea cols=\"40\" rows=\"10\" maxlength=\"20000\" minlength=\"50\" class=\"wpcf7-form-control wpcf7-textarea\" aria-invalid=\"false\" name=\"textarea-988\"><\/textarea><\/span>\n<\/p>\n<p style=\"margin-bottom: 10px; color: #000000;\">Al brindar su informaci\u00f3n de contacto, usted permite que el Operador se pueda comunicar directamente con usted, lo cual facilitar\u00e1 el proceso de investigaci\u00f3n y la absoluci\u00f3n de cualquier duda o consulta por parte de la Compa\u00f1\u00eda. Le recordamos que, si usted eligi\u00f3 mantenerse an\u00f3nimo, su informaci\u00f3n de contacto no ser\u00e1 compartida con la Compa\u00f1\u00eda sin su autorizaci\u00f3n. <a class=\"skyBlue\"<\/p><br \/>\n<\/a>\n<\/p>\n<p style=\"margin-bottom: 20px; color: #000000;\">Pulse el siguiente bot\u00f3n para registrar su denuncia a trav\u00e9s del canal Formulario Web. Recuerde que debe esperar unos momentos hasta recibir el mensaje de confirmaci\u00f3n y su c\u00f3digo de denuncia, para que \u00e9sta quede correctamente registrada. <a class=\"skyBlue\"<\/p><br \/>\n<input class=\"wpcf7-form-control wpcf7-submit has-spinner\" type=\"submit\" value=\"Enviar\" \/><\/a>\n<\/p><div class=\"wpcf7-response-output\" aria-hidden=\"true\"><\/div>\n<\/form>\n<\/div>\n<\/p>\t\t\t\t\t\t<\/div>\n\t\t\t\t<\/div>\n\t\t\t\t\t<\/div>\n\t\t<\/div>\n\t\t\t\t\t\t\t<\/div>\n\t\t<\/section>\n\t\t\t\t\t\t<\/div>\n\t\t\t\t\t<\/div>\n\t\t","protected":false},"excerpt":{"rendered":"<p>Las siguientes preguntas son opcionales Recuerde que la mayor cantidad de informaci\u00f3n, ayudar\u00e1 a realizar un mejor an\u00e1lisis de su denuncia.<\/p>\n","protected":false},"author":1,"featured_media":0,"parent":0,"menu_order":0,"comment_status":"closed","ping_status":"closed","template":"","meta":{"_monsterinsights_skip_tracking":false,"_monsterinsights_sitenote_active":false,"_monsterinsights_sitenote_note":"","_monsterinsights_sitenote_category":0,"_joinchat":[],"footnotes":""},"class_list":["post-9720","page","type-page","status-publish","hentry"],"_links":{"self":[{"href":"https:\/\/genimusac.com\/web\/wp-json\/wp\/v2\/pages\/9720","targetHints":{"allow":["GET"]}}],"collection":[{"href":"https:\/\/genimusac.com\/web\/wp-json\/wp\/v2\/pages"}],"about":[{"href":"https:\/\/genimusac.com\/web\/wp-json\/wp\/v2\/types\/page"}],"author":[{"embeddable":true,"href":"https:\/\/genimusac.com\/web\/wp-json\/wp\/v2\/users\/1"}],"replies":[{"embeddable":true,"href":"https:\/\/genimusac.com\/web\/wp-json\/wp\/v2\/comments?post=9720"}],"version-history":[{"count":0,"href":"https:\/\/genimusac.com\/web\/wp-json\/wp\/v2\/pages\/9720\/revisions"}],"wp:attachment":[{"href":"https:\/\/genimusac.com\/web\/wp-json\/wp\/v2\/media?parent=9720"}],"curies":[{"name":"wp","href":"https:\/\/api.w.org\/{rel}","templated":true}]}}